{"id":63,"date":"2013-11-06T22:26:32","date_gmt":"2013-11-06T21:26:32","guid":{"rendered":"http:\/\/www.dfb-lohr.de\/?page_id=63"},"modified":"2019-07-19T07:52:47","modified_gmt":"2019-07-19T06:52:47","slug":"mitglied-werden","status":"publish","type":"page","link":"https:\/\/www.dfb-lohr.de\/?page_id=63","title":{"rendered":"Mitglied werden"},"content":{"rendered":"<h1>Interessiert Mitglied im Ortsverein Lohr am Main zu werden?<\/h1>\n<p>Dann kontaktiere uns doch einfach und wir werden ihnen den n\u00e4chsten Termin mitteilen bei welchem Sie teilnehmen<br \/>\nk\u00f6nnen. Gerne k\u00f6nnen Sie auch erst einmal bei uns vorbei schauen und sich zu einem sp\u00e4teren Zeitpunkt entscheiden ein<br \/>\nfestes Mitglied zu werden.<\/p>\n<h1><a title=\"Kontakt\" href=\"http:\/\/www.dfb-lohr.de\/?page_id=30\">Jetzt Kontakt aufnehmen!<\/a><\/h1>\n<p>Sie haben sich entschieden und wollen uns beitreten? Im Anhang sind folgende PDF Dokumente zum herunterladen bereitgestellt.<\/p>\n<p>Anmeldeformular:<br \/>\n<a href=\"http:\/\/www.dfb-lohr.de\/wp-content\/uploads\/2013\/11\/DFB-Aufnahme-Antrag.pdf\" target=\"_blank\" rel=\"noopener noreferrer\">&#8222;PDF &#8211; Download &#8222;Aufnahme Antrag<\/a><\/p>\n<p>DFB &#8211; Satzung:<br \/>\n<a href=\"http:\/\/www.dfb-lohr.de\/wp-content\/uploads\/2013\/11\/Satzung_DFB_vom-10.05.-2012_Endfassung.pdf\" target=\"_blank\" rel=\"noopener noreferrer\">&#8222;PDF &#8211; Download&#8220; Satzung<\/a><\/p>\n<p>Einzugserm\u00e4chtigung im DFB &#8211; Ortsverein Lohr am Main:<\/p>\n<p><a href=\"http:\/\/www.dfb-lohr.de\/wp-content\/uploads\/2019\/07\/DFB-Einzugserm\u00e4chtigung_onlinev4.pdf\" target=\"_blank\" rel=\"noopener noreferrer\">&#8222;PDF &#8211; Download&#8220; Einzugserm\u00e4chtigung<\/a><\/p>\n<blockquote><p>Geb\u00fchrenerhebung im Ortsverein Lohr am Main.<\/p>\n<p>F\u00fcr <span style=\"text-decoration: underline;\">aktive Mitglieder<\/span> wird ein <span style=\"text-decoration: underline;\">Jahresbeitrag<\/span> in h\u00f6he von <span style=\"text-decoration: underline;\">48<\/span><span style=\"text-decoration: underline;\">,00 \u20ac<\/span> gefordert und f\u00fcr Rentner, Schuler und Studenten 24,00 \u20ac pro Jahr.<br \/>\nDie Jahresbeitr\u00e4ge werden 1 mal im Jahr, zu Jahresbeginn, im Zeitraum der 2 Kalenderwoche bis zur \u00a03 Kalenderwoche \u00fcber ein<br \/>\nSEPA &#8211; Basis &#8211; Lastschriftmandat eingezogen. Zum Jahresende bekommen Sie eine Eingangsbest\u00e4tigung \u00a0(Quittung) \u00fcber die h\u00f6he des<br \/>\nentrichteten Jahresbeitrags. Dieser kann zur Senkung des zu versteuernden Einkommens genutzt werden.<\/p><\/blockquote>\n","protected":false},"excerpt":{"rendered":"<p>Interessiert Mitglied im Ortsverein Lohr am Main zu werden? Dann kontaktiere uns doch einfach und wir werden ihnen den n\u00e4chsten Termin mitteilen bei welchem Sie teilnehmen k\u00f6nnen. Gerne k\u00f6nnen Sie auch erst einmal bei uns vorbei schauen und sich zu einem sp\u00e4teren Zeitpunkt entscheiden ein festes Mitglied zu werden. Jetzt Kontakt aufnehmen! Sie haben sich <span class=\"ellipsis\">&hellip;<\/span> <span class=\"more-link-wrap\"><a href=\"https:\/\/www.dfb-lohr.de\/?page_id=63\" class=\"more-link\"><span>Continue Reading &rarr;<\/span><\/a><\/span><\/p>\n","protected":false},"author":1,"featured_media":0,"parent":30,"menu_order":2,"comment_status":"closed","ping_status":"closed","template":"","meta":{"footnotes":""},"_links":{"self":[{"href":"https:\/\/www.dfb-lohr.de\/index.php?rest_route=\/wp\/v2\/pages\/63"}],"collection":[{"href":"https:\/\/www.dfb-lohr.de\/index.php?rest_route=\/wp\/v2\/pages"}],"about":[{"href":"https:\/\/www.dfb-lohr.de\/index.php?rest_route=\/wp\/v2\/types\/page"}],"author":[{"embeddable":true,"href":"https:\/\/www.dfb-lohr.de\/index.php?rest_route=\/wp\/v2\/users\/1"}],"replies":[{"embeddable":true,"href":"https:\/\/www.dfb-lohr.de\/index.php?rest_route=%2Fwp%2Fv2%2Fcomments&post=63"}],"version-history":[{"count":17,"href":"https:\/\/www.dfb-lohr.de\/index.php?rest_route=\/wp\/v2\/pages\/63\/revisions"}],"predecessor-version":[{"id":623,"href":"https:\/\/www.dfb-lohr.de\/index.php?rest_route=\/wp\/v2\/pages\/63\/revisions\/623"}],"up":[{"embeddable":true,"href":"https:\/\/www.dfb-lohr.de\/index.php?rest_route=\/wp\/v2\/pages\/30"}],"wp:attachment":[{"href":"https:\/\/www.dfb-lohr.de\/index.php?rest_route=%2Fwp%2Fv2%2Fmedia&parent=63"}],"curies":[{"name":"wp","href":"https:\/\/api.w.org\/{rel}","templated":true}]}}